)*4720/(-2124). Suppose -1 = 3*r - 7. What is the highest common divisor of m and r?
2
Let y(r) = -34*r + 906. Let l be y(-6). Calculate the greatest common factor of l and 30.
30
Suppose -2*u - 1684 = -5*v, -4*v = -v + u - 1006. Let s(o) = 17376*o + 312831. Let a be s(-18). Calculate the greatest common factor of a and v.
21
Let p(a) = 45*a + 69. Let i be p(-2). Let r be 9/(63/28) - i. Calculate the greatest common divisor of 35 and r.
5
Let n(h) be the first derivative of h**2 + 1/3*h**3 - 15*h + 23. Let c be n(-8). What is the highest common factor of 11 and c?
11
Suppose 5*j = -2*k + 11, -17 = -4*k + 17*j - 22*j. Suppose -4*w = -3*s + 32, k*s + 11 = w + 46. Calculate the greatest common factor of 300 and s.
12
Let w(q) = q**2 - q - 10. Suppose -5*s = d - 14, 2*d - 3 = -4*s + 1. Let r be w(d). Let c be (0 - 6/4)/((-12)/r). What is the greatest common factor of c and 2?
2
Suppose -490*z = -488*z - 2, d = z + 395. Calculate the greatest common factor of d and 36.
36
Suppose -2*m + 3736 = 5*r - 2437, -12385 = -4*m + 3*r. What is the greatest common factor of m and 52?
26
Suppose 44 - 59 = 2*g + 5*h, 0 = -3*g - 3*h + 9. Calculate the greatest common factor of g and 648.
2
Let l(v) = 42*v**2 - 1. Let h be l(-1). Suppose -2*m = -2*z, 5*m = -4*z + 2*z. Suppose -i - i + 82 = m. What is the highest common divisor of h and i?
41
Suppose -5272*p + 5249*p + 2576 = 0. Suppose x = 2*x - 100. Let q = p - x. Calculate the greatest common factor of q and 24.
12
Let j(w) = 63*w**2 + 181*w - 3. Let b be j(-5). Let f = 903 - b. What is the highest common divisor of f and 59?
59
Suppose 16*a - 1050 = 6*a. Suppose 0 = 4*h + 4*l - 104, -5*h + 5*l = -6*h + 10. What is the greatest common factor of h and a?
15
Suppose -428 - 1252 = -4*l - 4*z, -3*l - 4*z + 1264 = 0. Calculate the highest common factor of l and 9776.
208
Let m = 103 + -90. Suppose 4*l + m*x - 488 = 9*x, 4*x = -4. What is the highest common divisor of 41 and l?
41
Let h = -182 - 48. Let y = h + 258. Calculate the highest common divisor of y and 91.
7
Suppose -129 = g - 2*f, 4*g + 437 = g - 4*f. Let n = -52 - g. Let i = 100 + n. Calculate the highest common factor of 17 and i.
17
Let l be (-2212)/16 + 4 - 2/(-8). Let h be l/(-16) + -1 + (-18)/48. What is the highest common divisor of h and 28?
7
Let j(v) = 128*v + 19. Let w be j(7). Suppose 5*t + 1377 = -4*h + 236, 4*t + h = -w. Let z = 453 + t. Calculate the highest common divisor of 28 and z.
28
Let w be (2*(-3 - -5) - 3)*-241. Let b = w + 243. Calculate the highest common divisor of 40 and b.
2
Suppose -24*z = -45*z + 4788. What is the highest common divisor of z and 1425?
57
Suppose 0 = 21*g - 24*g - 177. Let t = 87 + g. Calculate the greatest common divisor of 224 and t.
28
Let s = -138 + 208. Let q(b) = -3*b**3 - 28*b**2 - 47*b + 82. Let w be q(-4). What is the greatest common factor of s and w?
14
Let c be (-58265)/10*(4/(-6))/(10/30). What is the highest common factor of 129 and c?
43
Let w(m) = -m**2 - 6*m**3 + 0*m**2 + 2*m**2 + 5*m**3 - 7 + 2*m. Let d be w(4). Let g = 72 + d. What is the highest common divisor of 25 and g?
25
Let w be 1730/(-15)*135/(-50) - 6/(-10). Calculate the highest common divisor of 5226 and w.
78
Let c be (4/18)/((-22)/(-198)). Let o be 28/8*(c - (-34 - -2)). Calculate the greatest common factor of 21 and o.
7
Let u(p) = 2*p**2 - 2*p + 7. Let r = 7 - 5. Let s be u(r). What is the highest common divisor of 55 and s?
11
Let p be -5 - 3/(3 - (-2440)/(-810)). What is the greatest common factor of 658 and p?
14
Suppose l = 5*w - 21, -3*l - 5 = -2. Suppose 573 = w*y + 93. Suppose 9*q - q - y = 0. What is the highest common divisor of q and 30?
15
Suppose y = 5*h + 16 + 5, 0 = -h. Let p = y + 13. Let g = p + -16. Calculate the highest common factor of 144 and g.
18
Let z(w) = -63*w + 4425. Let i be z(69). What is the highest common divisor of i and 12766?
26
Let n be ((-6)/4)/((-925)/130 + 7). Let y(g) = -g**2 + 17*g - 18. Let a be y(n). What is the greatest common factor of 136 and a?
34
Let x be (-154 - (0 + 0))/((330/(-15))/154). Calculate the highest common divisor of 22 and x.
22
Let f be (-13088)/28 - -4*1/(-7). Let q = 601 + f. Suppose i - 6 = -m, 4*i = 5*m - 31 - 8. Calculate the greatest common divisor of q and m.
7
Suppose 2*r = 7*r - 3*q - 706, -3*r - q + 418 = 0. Suppose -192*w + r = -187*w. What is the greatest common divisor of 63 and w?
7
Let p(u) = -10*u - 55. Let h be p(-20). Let n = -132 + h. Let l(o) = o**2 - o - 7. Let x be l(-8). What is the greatest common divisor of x and n?
13
Suppose 6 = 5*z - 4. Suppose 5*v - 6*b = -2*b + 180, -b = z*v - 85. Suppose -230 + 205 = -5*w. What is the highest common factor of w and v?
5
Suppose 5*h - 3*o - o = 35, -5*h + 2*o = -35. Let r(w) = -w**3 + 6*w**2 + 8*w - 4. Let m be r(h). What is the highest common factor of 69 and m?
3
Suppose 4*r = r + 6*r. Suppose r*l + 3*b = 3*l - 6, -3*b + 30 = 3*l. What is the highest common factor of 9 and l?
3
Let l be 25/2 + (-1)/(-2). Suppose l*v = 7*v + 324. Let f = 20 - 14. Calculate the highest common divisor of f and v.
6
Let f = -7189 - -12877. What is the highest common factor of 24 and f?
24
Let p(g) = -g**2 - 21*g + 4. Suppose 0 = 17*b + 205 + 16. Let y be p(b). Calculate the greatest common factor of 60 and y.
12
Let q = 155 - 136. Suppose 14*b - 37 = q. Calculate the highest common factor of b and 8.
4
Let s(g) = 5 + 8 - 2*g - 29. Let p be s(-17). What is the greatest common factor of 90 and p?
18
Let w(v) = -v**3 + 41*v**2 - 37*v - 1382. Let l be w(39). Calculate the greatest common factor of 1064 and l.
7
Suppose m = -h + 975, -68*h = -2*m - 73*h + 1923. What is the highest common divisor of m and 123?
123
Let i(f) = -13*f + 19. Let q be i(15). Let g = q - -267. What is the highest common divisor of g and 52?
13
Let l be (-22)/(-1) + (-1)/(((-252)/48)/(-21)). What is the greatest common factor of 2178 and l?
18
Suppose 48*o - 5*q + 5 = 44*o, 0 = -2*o + 2*q. What is the highest common factor of 1495 and o?
5
Let f = 23521 + -20968. Calculate the highest common factor of f and 222.
111
Let i(v) = -268*v - 841. Let n be i(-4). Calculate the greatest common divisor of n and 105.
21
Let n be 16 - 0/(3 - 2). Let p(m) = -22*m - 92. Suppose -121*t + 114*t - 70 = 0. Let z be p(t). Calculate the greatest common divisor of z and n.
16
Suppose 24419 = -18*m + 25535. What is the greatest common divisor of m and 5?
1
Let d(t) = 26*t**2 - 20*t + 211. Let i be d(-13). What is the highest common divisor of i and 10?
5
Suppose 8840 = 7*f - 19654 - 1074. Calculate the greatest common factor of f and 110.
22
Let g be (-5 + 442)/(10 - 9). Calculate the greatest common divisor of 19 and g.
19
Let g = -65 - -65. Suppose g = 18*h - 200 - 520. What is the highest common divisor of h and 80?
40
Suppose -14*g + 15*g = 32*g - 3720. Suppose 5*y = 2*r - 0*r + 383, 2*y - 154 = r. Calculate the highest common divisor of g and y.
15
Suppose -65 = -5*o + 5*q, 4*q = -o + 4 - 16. Let k be ((-2)/2 + 3)/((-15 - -36)/5796). Calculate the highest common divisor of o and k.
8
Let c(s) = 2*s**3 - 46*s**2 - 45*s - 24. Let a be c(24). Calculate the highest common factor of 2328 and a.
24
Suppose -5*u + 54 = 4*z, 82*u = -9*z + 85*u + 93. Suppose 4*j - 35 - 9 = 0. What is the highest common divisor of z and j?
11
Suppose -11*h + 5*h = -174. Suppose -5*j = -134 + h. Calculate the greatest common divisor of j and 21.
21
Let h(z) = 48*z**3 - 2*z**2 - 1. Let v be h(2). Let q be 9 + 21/3 + (6 - -1). Suppose 28*j - v = q*j. What is the highest common divisor of j and 15?
15
Let i = 56 + -47. Let f(a) = a**3 - 2*a**3 + 3 + i*a + 6 - a - 6*a**2. Let x be f(-7). What is the greatest common factor of 2 and x?
2
Let s be 5 + (0 - -4)/(-2). Suppose 4*m = -s*d - 49, 25 = -2*m + 2*d - 3*d. Let w = m - -29. What is the highest common divisor of 144 and w?
16
Suppose -138 = -f + 3*d - 8*d, -762 = -5*f - d. Let b = -621 - -630. What is the highest common divisor of b and f?
9
Let h be 93/4 - (-3)/(-12). Let t be ((-9)/(-15))/(1/15). Suppose t*c + 1127 = 16*c. Calculate the highest common factor of c and h.
23
Let y(g) = 97*g**2 - 2*g. Let b(f) = 2*f - 13. Let c be ((-2)/(-4))/((-16)/(-192)). Let v be b(c). Let z be y(v). What is the greatest common factor of 9 and z?
9
Suppose -